{"id":7886,"date":"2026-02-19T17:42:02","date_gmt":"2026-02-19T22:42:02","guid":{"rendered":"https:\/\/www.ugelmoho.gob.pe\/web\/?page_id=7886"},"modified":"2026-02-19T17:42:07","modified_gmt":"2026-02-19T22:42:07","slug":"etica-e-integridad-en-la-funcion-publica","status":"publish","type":"page","link":"https:\/\/www.ugelmoho.gob.pe\/web\/etica-e-integridad-en-la-funcion-publica\/","title":{"rendered":"\u00c9TICA E INTEGRIDAD EN LA FUNCI\u00d3N P\u00daBLICA"},"content":{"rendered":"<p><a href=\"https:\/\/www.ugelmoho.gob.pe\/web\/wp-content\/uploads\/2026\/02\/ETICA-E-INTEGRIDAD-EN-LA-FUNCION-PUBLICA.pdf\">\u00c9TICA E INTEGRIDAD EN LA FUNCI\u00d3N P\u00daBLICA<\/a><\/p>\n","protected":false},"excerpt":{"rendered":"<p>\u00c9TICA E INTEGRIDAD EN LA FUNCI\u00d3N P\u00daBLICA<\/p>\n","protected":false},"author":3,"featured_media":0,"parent":0,"menu_order":0,"comment_status":"closed","ping_status":"closed","template":"","meta":{"footnotes":""},"class_list":["post-7886","page","type-page","status-publish","hentry"],"_links":{"self":[{"href":"https:\/\/www.ugelmoho.gob.pe\/web\/wp-json\/wp\/v2\/pages\/7886","targetHints":{"allow":["GET"]}}],"collection":[{"href":"https:\/\/www.ugelmoho.gob.pe\/web\/wp-json\/wp\/v2\/pages"}],"about":[{"href":"https:\/\/www.ugelmoho.gob.pe\/web\/wp-json\/wp\/v2\/types\/page"}],"author":[{"embeddable":true,"href":"https:\/\/www.ugelmoho.gob.pe\/web\/wp-json\/wp\/v2\/users\/3"}],"replies":[{"embeddable":true,"href":"https:\/\/www.ugelmoho.gob.pe\/web\/wp-json\/wp\/v2\/comments?post=7886"}],"version-history":[{"count":1,"href":"https:\/\/www.ugelmoho.gob.pe\/web\/wp-json\/wp\/v2\/pages\/7886\/revisions"}],"predecessor-version":[{"id":7888,"href":"https:\/\/www.ugelmoho.gob.pe\/web\/wp-json\/wp\/v2\/pages\/7886\/revisions\/7888"}],"wp:attachment":[{"href":"https:\/\/www.ugelmoho.gob.pe\/web\/wp-json\/wp\/v2\/media?parent=7886"}],"curies":[{"name":"wp","href":"https:\/\/api.w.org\/{rel}","templated":true}]}}